{"id":1809,"date":"2024-02-04T10:06:52","date_gmt":"2024-02-04T10:06:52","guid":{"rendered":"https:\/\/taxi-werbung.org\/?page_id=1809"},"modified":"2024-03-21T10:18:20","modified_gmt":"2024-03-21T10:18:20","slug":"about-us","status":"publish","type":"page","link":"https:\/\/taxi-werbung.org\/?page_id=1809","title":{"rendered":"\u00dcber Uns"},"content":{"rendered":"<style>\/*! elementor - v3.20.0 - 13-03-2024 *\/\n.elementor-widget-image{text-align:center}.elementor-widget-image a{display:inline-block}.elementor-widget-image a img[src$=\".svg\"]{width:48px}.elementor-widget-image img{vertical-align:middle;display:inline-block}<\/style>\n<p>\t\t\t\t\t\t\t\t\t\t<img loading=\"lazy\" decoding=\"async\" width=\"768\" height=\"576\" src=\"http:\/\/taxi-werbung.org\/wp-content\/uploads\/2024\/02\/WhatsApp-Image-2024-02-03-at-1.09.38-AM-768x576.jpeg\" alt=\"\" srcset=\"https:\/\/taxi-werbung.org\/wp-content\/uploads\/2024\/02\/WhatsApp-Image-2024-02-03-at-1.09.38-AM-768x576.jpeg 768w, https:\/\/taxi-werbung.org\/wp-content\/uploads\/2024\/02\/WhatsApp-Image-2024-02-03-at-1.09.38-AM-300x225.jpeg 300w, https:\/\/taxi-werbung.org\/wp-content\/uploads\/2024\/02\/WhatsApp-Image-2024-02-03-at-1.09.38-AM-1024x768.jpeg 1024w, https:\/\/taxi-werbung.org\/wp-content\/uploads\/2024\/02\/WhatsApp-Image-2024-02-03-at-1.09.38-AM-1536x1152.jpeg 1536w, https:\/\/taxi-werbung.org\/wp-content\/uploads\/2024\/02\/WhatsApp-Image-2024-02-03-at-1.09.38-AM-600x450.jpeg 600w, https:\/\/taxi-werbung.org\/wp-content\/uploads\/2024\/02\/WhatsApp-Image-2024-02-03-at-1.09.38-AM.jpeg 1600w\" sizes=\"auto, (max-width: 768px) 100vw, 768px\" \/>\t\t\t\t\t\t\t\t\t\t\t\t\t<\/p>\n<style>\/*! elementor - v3.20.0 - 13-03-2024 *\/\n.elementor-heading-title{padding:0;margin:0;line-height:1}.elementor-widget-heading .elementor-heading-title[class*=elementor-size-]>a{color:inherit;font-size:inherit;line-height:inherit}.elementor-widget-heading .elementor-heading-title.elementor-size-small{font-size:15px}.elementor-widget-heading .elementor-heading-title.elementor-size-medium{font-size:19px}.elementor-widget-heading .elementor-heading-title.elementor-size-large{font-size:29px}.elementor-widget-heading .elementor-heading-title.elementor-size-xl{font-size:39px}.elementor-widget-heading .elementor-heading-title.elementor-size-xxl{font-size:59px}<\/style>\n<h2>\u00dcber Uns<\/h2>\n<p><strong>DoorPanelAds:<br \/>Revolutioniert Taxiwerbung.<\/strong><\/p>\n<p>In den belebten Stra\u00dfen moderner St\u00e4dte ist Werbung allgegenw\u00e4rtig. Von Plakatw\u00e4nden bis zu digitalen Bildschirmen buhlen Unternehmen st\u00e4ndig um die Aufmerksamkeit der Verbraucher. Doch inmitten dieser \u00fcberf\u00fcllten Landschaft verfolgt ein innovatives Unternehmen einen anderen Ansatz \u2013 DoorPanelAds.<\/p>\n<style>\/*! elementor - v3.20.0 - 13-03-2024 *\/\n.elementor-widget-progress{text-align:left}.elementor-progress-wrapper{position:relative;background-color:#eee;color:#fff;height:100%;border-radius:2px}.elementor-progress-bar{display:flex;background-color:#69727d;width:0;font-size:11px;height:30px;line-height:30px;border-radius:2px;transition:width 1s ease-in-out}.elementor-progress-text{flex-grow:1;white-space:nowrap;text-overflow:ellipsis;overflow:hidden;padding-left:15px}.elementor-progress-percentage{padding-right:15px}.elementor-widget-progress .elementor-progress-wrapper.progress-info .elementor-progress-bar{background-color:#5bc0de}.elementor-widget-progress .elementor-progress-wrapper.progress-success .elementor-progress-bar{background-color:#5cb85c}.elementor-widget-progress .elementor-progress-wrapper.progress-warning .elementor-progress-bar{background-color:#f0ad4e}.elementor-widget-progress .elementor-progress-wrapper.progress-danger .elementor-progress-bar{background-color:#d9534f}.elementor-progress .elementor-title{display:block}@media (max-width:767px){.elementor-progress-text{padding-left:10px}}.e-con-inner .elementor-progress-wrapper,.e-con .elementor-progress-wrapper{height:auto}<\/style>\n<p>\t\t\t\tEfficient work<br \/>\n\t\t\t\t\t\t\t\t\t100%<\/p>\n<p>Taxi-Werbung.org ist auf Taxiwerbung mit DoorPanelAds spezialisiert und bietet Unternehmen eine einzigartige und \u00e4u\u00dferst effektive M\u00f6glichkeit, ihre Zielgruppe zu erreichen. Durch die Nutzung der Au\u00dfenseite von Taxis als erstklassige Werbefl\u00e4che sorgt Taxi-Werbung.org f\u00fcr maximale Sichtbarkeit und Interaktion.<\/p>\n<p>\u2022 Das Konzept ist einfach, aber genial. Taxi-Werbung.org arbeitet mit Taxiflotten und -fahrern zusammen und stellt ihnen professionell gestaltete Werbung zur Anzeige auf ihren T\u00fcren zur Verf\u00fcgung. Diese Werbung kann von lokalen Unternehmen, die ihre Produkte oder Dienstleistungen bewerben, bis hin zu nationalen Marken, die neue Kampagnen starten, reichen.<\/p>\n<p>\u2022 Was Taxi-Werbung.org auszeichnet, ist seine F\u00e4higkeit, bestimmte Bev\u00f6lkerungsgruppen und geografische Gebiete punktgenau anzusprechen. Durch die strategische Platzierung von Werbung auf Taxis, die bestimmte Stadtteile oder Routen anfahren, k\u00f6nnen Unternehmen ihre gew\u00fcnschte Zielgruppe effektiv erreichen.<\/p>\n<p>\u2022 Dar\u00fcber hinaus bietet Taxiwerbung-Werbung.org ein Ma\u00df an Flexibilit\u00e4t und Vielseitigkeit, das herk\u00f6mmlichen Werbeformen oft fehlt. Anzeigen k\u00f6nnen einfach aktualisiert oder ersetzt werden, so dass Unternehmen sich schnell an ver\u00e4nderte Marketingstrategien oder Werbeaktionen anpassen k\u00f6nnen.<\/p>\n<p>\u2022 F\u00fcr Unternehmen, die die Sichtbarkeit ihrer Marke erh\u00f6hen und den Umsatz steigern m\u00f6chten, bietet Taxi-Werbung.org eine kosteng\u00fcnstige und wirkungsvolle Werbel\u00f6sung. Durch die Nutzung der Allgegenw\u00e4rtigkeit von Taxis in st\u00e4dtischen Umgebungen k\u00f6nnen Unternehmen auf eine Weise mit Verbrauchern in Kontakt treten, die nicht zu \u00fcbersehen ist.<\/p>\n<p>\u2022 Insgesamt stellen die DoorPanelAds eine Win-Win-L\u00f6sung sowohl f\u00fcr Werbetreibende als auch f\u00fcr Taxiflotten Unternehmer dar. Durch die Nutzung der Macht der Taxiwerbung k\u00f6nnen Unternehmen ihre Marketingbem\u00fchungen verst\u00e4rken und sich auf einem \u00fcberf\u00fcllten Markt hervorheben, w\u00e4hrend Taxiunternehmer neue Einnahmequellen erschlie\u00dfen k\u00f6nnen. W\u00e4hrend sich die Werbelandschaft st\u00e4ndig weiterentwickelt, ist DoorPanelAds mit seinem innovativen Ansatz f\u00fchrend, um Verbraucher dort zu erreichen, wo sie sind \u2013 unterwegs.<\/p>\n","protected":false},"excerpt":{"rendered":"<p>\u00dcber Uns DoorPanelAds:Revolutioniert Taxiwerbung. In den belebten Stra\u00dfen moderner St\u00e4dte ist Werbung allgegenw\u00e4rtig. Von Plakatw\u00e4nden bis zu digitalen Bildschirmen buhlen [&hellip;]<\/p>\n","protected":false},"author":1,"featured_media":0,"parent":0,"menu_order":0,"comment_status":"closed","ping_status":"closed","template":"","meta":{"site-sidebar-layout":"no-sidebar","site-content-layout":"","ast-site-content-layout":"full-width-container","site-content-style":"default","site-sidebar-style":"default","ast-global-header-display":"","ast-banner-title-visibility":"","ast-main-header-display":"","ast-hfb-above-header-display":"","ast-hfb-below-header-display":"","ast-hfb-mobile-header-display":"","site-post-title":"disabled","ast-breadcrumbs-content":"","ast-featured-img":"disabled","footer-sml-layout":"","ast-disable-related-posts":"","theme-transparent-header-meta":"","adv-header-id-meta":"","stick-header-meta":"","header-above-stick-meta":"","header-main-stick-meta":"","header-below-stick-meta":"","astra-migrate-meta-layouts":"default","ast-page-background-enabled":"default","ast-page-background-meta":{"desktop":{"background-color":"var(--ast-global-color-4)","background-image":"","background-repeat":"repeat","background-position":"center center","background-size":"auto","background-attachment":"scroll","background-type":"","background-media":"","overlay-type":"","overlay-color":"","overlay-opacity":"","overlay-gradient":""},"tablet":{"background-color":"","background-image":"","background-repeat":"repeat","background-position":"center center","background-size":"auto","background-attachment":"scroll","background-type":"","background-media":"","overlay-type":"","overlay-color":"","overlay-opacity":"","overlay-gradient":""},"mobile":{"background-color":"","background-image":"","background-repeat":"repeat","background-position":"center center","background-size":"auto","background-attachment":"scroll","background-type":"","background-media":"","overlay-type":"","overlay-color":"","overlay-opacity":"","overlay-gradient":""}},"ast-content-background-meta":{"desktop":{"background-color":"var(--ast-global-color-5)","background-image":"","background-repeat":"repeat","background-position":"center center","background-size":"auto","background-attachment":"scroll","background-type":"","background-media":"","overlay-type":"","overlay-color":"","overlay-opacity":"","overlay-gradient":""},"tablet":{"background-color":"var(--ast-global-color-5)","background-image":"","background-repeat":"repeat","background-position":"center center","background-size":"auto","background-attachment":"scroll","background-type":"","background-media":"","overlay-type":"","overlay-color":"","overlay-opacity":"","overlay-gradient":""},"mobile":{"background-color":"var(--ast-global-color-5)","background-image":"","background-repeat":"repeat","background-position":"center center","background-size":"auto","background-attachment":"scroll","background-type":"","background-media":"","overlay-type":"","overlay-color":"","overlay-opacity":"","overlay-gradient":""}},"footnotes":""},"class_list":["post-1809","page","type-page","status-publish","hentry"],"_links":{"self":[{"href":"https:\/\/taxi-werbung.org\/index.php?rest_route=\/wp\/v2\/pages\/1809","targetHints":{"allow":["GET"]}}],"collection":[{"href":"https:\/\/taxi-werbung.org\/index.php?rest_route=\/wp\/v2\/pages"}],"about":[{"href":"https:\/\/taxi-werbung.org\/index.php?rest_route=\/wp\/v2\/types\/page"}],"author":[{"embeddable":true,"href":"https:\/\/taxi-werbung.org\/index.php?rest_route=\/wp\/v2\/users\/1"}],"replies":[{"embeddable":true,"href":"https:\/\/taxi-werbung.org\/index.php?rest_route=%2Fwp%2Fv2%2Fcomments&post=1809"}],"version-history":[{"count":29,"href":"https:\/\/taxi-werbung.org\/index.php?rest_route=\/wp\/v2\/pages\/1809\/revisions"}],"predecessor-version":[{"id":1935,"href":"https:\/\/taxi-werbung.org\/index.php?rest_route=\/wp\/v2\/pages\/1809\/revisions\/1935"}],"wp:attachment":[{"href":"https:\/\/taxi-werbung.org\/index.php?rest_route=%2Fwp%2Fv2%2Fmedia&parent=1809"}],"curies":[{"name":"wp","href":"https:\/\/api.w.org\/{rel}","templated":true}]}}